{"id":62,"date":"2021-02-22T10:25:17","date_gmt":"2021-02-22T09:25:17","guid":{"rendered":"https:\/\/weph.site\/buchstaeblich\/datenschutzerklaerung\/"},"modified":"2025-02-06T15:06:49","modified_gmt":"2025-02-06T14:06:49","slug":"datenschutzerklaerung","status":"publish","type":"page","link":"https:\/\/weph.site\/buchstaeblich\/datenschutzerklaerung\/","title":{"rendered":"Datenschutzerkl\u00e4rung"},"content":{"rendered":"<h1 id=\"headline-14-73\" class=\"ct-headline saas-heading-two\">1. Datenschutz auf einen Blick<\/h1>\n<h2 id=\"headline-16-73\" class=\"ct-headline saas-heading-two\">Allgemeine Hinweise<\/h2>\n<div id=\"text_block-124-125\" class=\"ct-text-block\">\n<div><\/div>\n<p>Die folgenden Hinweise geben einen einfachen \u00dcberblick dar\u00fcber, was mit Ihren personenbezogenen Daten passiert, wenn Sie unsere Website besuchen. Personenbezogene Daten sind alle Daten, mit denen Sie pers\u00f6nlich identifiziert werden k\u00f6nnen. Ausf\u00fchrliche Informationen zum Thema Datenschutz entnehmen Sie unserer unter diesem Text aufgef\u00fchrten Datenschutzerkl\u00e4rung.<\/p>\n<div><\/div>\n<\/div>\n<h2 id=\"headline-194-127\" class=\"ct-headline saas-heading-two\">Datenerfassung auf unserer Website<\/h2>\n<div id=\"text_block-197-127\" class=\"ct-text-block\">\n<div><\/div>\n<p><b>Wer ist verantwortlich f\u00fcr die Datenerfassung auf dieser Website?<br \/>\n<\/b><br \/>\nDie Datenverarbeitung auf dieser Website erfolgt durch den Websitebetreiber. Dessen Kontaktdaten k\u00f6nnen Sie dem Impressum dieser Website entnehmen.<\/p>\n<p><b>Wie erfassen wir Ihre Daten?<br \/>\n<\/b><br \/>\nIhre Daten werden zum einen dadurch erhoben, dass Sie uns diese mitteilen. Hierbei kann es sich z.B. um Daten handeln, die Sie in ein Kontaktformular eingeben.<\/p>\n<p>Andere Daten werden automatisch beim Besuch der Website durch unsere IT-Systeme erfasst. Das sind vor allem technische Daten (z.B. Internetbrowser, Betriebssystem oder Uhrzeit des Seitenaufrufs). Die Erfassung dieser Daten erfolgt automatisch, sobald Sie unsere Website betreten.<\/p>\n<p><b>Wof\u00fcr nutzen wir Ihre Daten?<br \/>\n<\/b><br \/>\nEin Teil der Daten wird erhoben, um eine fehlerfreie Bereitstellung der Website zu gew\u00e4hrleisten. Andere Daten k\u00f6nnen zur Analyse Ihres Nutzerverhaltens verwendet werden.<\/p>\n<p><b>Welche Rechte haben Sie bez\u00fcglich Ihrer Daten?<br \/>\n<\/b><br \/>\nSie haben jederzeit das Recht unentgeltlich Auskunft \u00fcber Herkunft, Empf\u00e4nger und Zweck Ihrer gespeicherten personenbezogenen Daten zu erhalten. Sie haben au\u00dferdem ein Recht, die Berichtigung, Sperrung oder L\u00f6schung dieser Daten zu verlangen. Hierzu sowie zu weiteren Fragen zum Thema Datenschutz k\u00f6nnen Sie sich jederzeit unter der im Impressum angegebenen Adresse an uns wenden. Des Weiteren steht Ihnen ein Beschwerderecht bei der zust\u00e4ndigen Aufsichtsbeh\u00f6rde zu.<\/p>\n<div><\/div>\n<\/div>\n<h2 id=\"headline-201-127\" class=\"ct-headline saas-heading-two\">Analyse-Tools und Tools von Drittanbietern<\/h2>\n<div id=\"text_block-204-127\" class=\"ct-text-block\">\n<div><\/div>\n<p><b><\/b>Beim Besuch unserer Website kann Ihr Surf-Verhalten statistisch ausgewertet werden. Das geschieht vor allem mit Cookies und mit sogenannten Analyseprogrammen. Die Analyse Ihres Surf-Verhaltens erfolgt in der Regel anonym; das Surf-Verhalten kann nicht zu Ihnen zur\u00fcckverfolgt werden. Sie k\u00f6nnen dieser Analyse widersprechen oder sie durch die Nichtbenutzung bestimmter Tools verhindern. Detaillierte Informationen dazu finden Sie in der folgenden Datenschutzerkl\u00e4rung.<\/p>\n<p>Sie k\u00f6nnen dieser Analyse widersprechen. \u00dcber die Widerspruchsm\u00f6glichkeiten werden wir Sie in dieser Datenschutzerkl\u00e4rung informieren.<\/p>\n<div><\/div>\n<\/div>\n<h1 id=\"headline-207-127\" class=\"ct-headline saas-heading-two\">2. Allgemeine Hinweise und Pflichtinformationen<\/h1>\n<h2 id=\"headline-211-127\" class=\"ct-headline saas-heading-two\">Datenschutz<\/h2>\n<div id=\"text_block-215-127\" class=\"ct-text-block\">\n<div><\/div>\n<p><b><\/b>Die Betreiber dieser Seiten nehmen den Schutz Ihrer pers\u00f6nlichen Daten sehr ernst. Wir behandeln Ihre personenbezogenen Daten vertraulich und entsprechend der gesetzlichen Datenschutzvorschriften sowie dieser Datenschutzerkl\u00e4rung.<\/p>\n<p>Wenn Sie diese Website benutzen, werden verschiedene personenbezogene Daten erhoben. Personenbezogene Daten sind Daten, mit denen Sie pers\u00f6nlich identifiziert werden k\u00f6nnen. Die vorliegende Datenschutzerkl\u00e4rung erl\u00e4utert, welche Daten wir erheben und wof\u00fcr wir sie nutzen. Sie erl\u00e4utert auch, wie und zu welchem Zweck das geschieht.<\/p>\n<p>Wir weisen darauf hin, dass die Daten\u00fcbertragung im Internet (z.B. bei der Kommunikation per E-Mail) Sicherheitsl\u00fccken aufweisen kann. Ein l\u00fcckenloser Schutz der Daten vor dem Zugriff durch Dritte ist nicht m\u00f6glich.<\/p>\n<div><\/div>\n<\/div>\n<h2 id=\"headline-218-127\" class=\"ct-headline saas-heading-two\">Hinweis zur verantwortlichen Stelle<\/h2>\n<div id=\"text_block-221-127\" class=\"ct-text-block\">\n<div><\/div>\n<p><b><\/b>Die verantwortliche Stelle f\u00fcr die Datenverarbeitung auf dieser Website ist:<\/p>\n<p>Wolfgang M\u00fcller<br \/>\nHagener Stra\u00dfe 20<br \/>\nD-58285 Gevelsberg<\/p>\n<p>Telefon: +49 (0) 23 32 &#8211; 78 8 &#8211; 0<br \/>\nE-Mail: info@muebo.de<\/p>\n<p>Verantwortliche Stelle ist die nat\u00fcrliche oder juristische Person, die allein oder gemeinsam mit anderen \u00fcber die Zwecke und Mittel der Verarbeitung von personenbezogenen Daten (z.B. Namen, E-Mail-Adressen o. \u00c4.) entscheidet.<\/p>\n<div><\/div>\n<\/div>\n<h2 id=\"headline-224-127\" class=\"ct-headline saas-heading-two\">Widerruf Ihrer Einwilligung zur Datenverarbeitung<\/h2>\n<div id=\"text_block-227-127\" class=\"ct-text-block\">\n<div><\/div>\n<p><b><\/b>Viele Datenverarbeitungsvorg\u00e4nge sind nur mit Ihrer ausdr\u00fccklichen Einwilligung m\u00f6glich. Sie k\u00f6nnen eine bereits erteilte Einwilligung jederzeit widerrufen. Dazu reicht eine formlose Mitteilung per E-Mail an uns. Die Rechtm\u00e4\u00dfigkeit der bis zum Widerruf erfolgten Datenverarbeitung bleibt vom Widerruf unber\u00fchrt.<\/p>\n<div><\/div>\n<\/div>\n<h2 id=\"headline-230-127\" class=\"ct-headline saas-heading-two\">Beschwerderecht bei der zust\u00e4ndigen Aufsichtsbeh\u00f6rde<\/h2>\n<div id=\"text_block-233-127\" class=\"ct-text-block\">\n<div><\/div>\n<p><b><\/b>Im Falle datenschutzrechtlicher Verst\u00f6\u00dfe steht dem Betroffenen ein Beschwerderecht bei der zust\u00e4ndigen Aufsichtsbeh\u00f6rde zu. Zust\u00e4ndige Aufsichtsbeh\u00f6rde in datenschutzrechtlichen Fragen ist der Landesdatenschutzbeauftragte des Bundeslandes, in dem unser Unternehmen seinen Sitz hat. Eine Liste der Datenschutzbeauftragten sowie deren Kontaktdaten k\u00f6nnen folgendem Link entnommen werden: https:\/\/www.bfdi.bund.de\/DE\/Infothek\/Anschriften_Links\/anschriften_links-node.html.<\/p>\n<div><\/div>\n<\/div>\n<h2 id=\"headline-236-127\" class=\"ct-headline saas-heading-two\">Recht auf Daten\u00fcbertragbarkeit<\/h2>\n<div id=\"text_block-240-127\" class=\"ct-text-block\">\n<div><\/div>\n<p><b><\/b>Sie haben das Recht, Daten, die wir auf Grundlage Ihrer Einwilligung oder in Erf\u00fcllung eines Vertrags automatisiert verarbeiten, an sich oder an einen Dritten in einem g\u00e4ngigen, maschinenlesbaren Format aush\u00e4ndigen zu lassen. Sofern Sie die direkte \u00dcbertragung der Daten an einen anderen Verantwortlichen verlangen, erfolgt dies nur, soweit es technisch machbar ist.<\/p>\n<div><\/div>\n<\/div>\n<h2 id=\"headline-243-127\" class=\"ct-headline saas-heading-two\">SSL- bzw. TLS-Verschl\u00fcsselung<\/h2>\n<div id=\"text_block-246-127\" class=\"ct-text-block\">\n<div><\/div>\n<p><b><\/b>Diese Seite nutzt aus Sicherheitsgr\u00fcnden und zum Schutz der \u00dcbertragung vertraulicher Inhalte, wie zum Beispiel Bestellungen oder Anfragen, die Sie an uns als Seitenbetreiber senden, eine SSL-bzw. TLS-Verschl\u00fcsselung. Eine verschl\u00fcsselte Verbindung erkennen Sie daran, dass die Adresszeile des Browsers von \u201chttp:\/\/\u201d auf \u201chttps:\/\/\u201d wechselt und an dem Schloss-Symbol in Ihrer Browserzeile.<\/p>\n<p>Wenn die SSL- bzw. TLS-Verschl\u00fcsselung aktiviert ist, k\u00f6nnen die Daten, die Sie an uns \u00fcbermitteln, nicht von Dritten mitgelesen werden.<\/p>\n<div><\/div>\n<\/div>\n<h2 id=\"headline-249-127\" class=\"ct-headline saas-heading-two\">Auskunft, Sperrung, L\u00f6schung<\/h2>\n<div id=\"text_block-252-127\" class=\"ct-text-block\">\n<div><\/div>\n<p><b><\/b>Sie haben im Rahmen der geltenden gesetzlichen Bestimmungen jederzeit das Recht auf unentgeltliche Auskunft \u00fcber Ihre gespeicherten personenbezogenen Daten, deren Herkunft und Empf\u00e4nger und den Zweck der Datenverarbeitung und ggf. ein Recht auf Berichtigung, Sperrung oder L\u00f6schung dieser Daten. Hierzu sowie zu weiteren Fragen zum Thema personenbezogene Daten k\u00f6nnen Sie sich jederzeit unter der im Impressum angegebenen Adresse an uns wenden.<\/p>\n<div><\/div>\n<\/div>\n<h1 id=\"headline-257-127\" class=\"ct-headline saas-heading-two\">3. Datenschutzbeauftragter<\/h1>\n<h2 id=\"headline-255-127\" class=\"ct-headline saas-heading-two\">Gesetzlich vorgeschriebener Datenschutzbeauftragter<\/h2>\n<div id=\"text_block-264-127\" class=\"ct-text-block\">\n<div><\/div>\n<p><b><\/b>Wir haben f\u00fcr unser Unternehmen einen Datenschutzbeauftragten bestellt.<\/p>\n<p>Jurando GmbH<br \/>\nRathausplatz 21<br \/>\n58507 L\u00fcdenscheid<\/p>\n<p>Telefon: 02351-66854-37<br \/>\nE-Mail: a.sojkic@jurando.de<\/p>\n<div><\/div>\n<\/div>\n<h1 id=\"headline-269-127\" class=\"ct-headline saas-heading-two\">4. Datenerfassung auf unserer Website<\/h1>\n<h2 id=\"headline-267-127\" class=\"ct-headline saas-heading-two\">Cookies<\/h2>\n<div id=\"text_block-273-127\" class=\"ct-text-block\">\n<div><\/div>\n<p><b><\/b>Die Internetseiten verwenden teilweise so genannte Cookies. Cookies richten auf Ihrem Rechner keinen Schaden an und enthalten keine Viren. Cookies dienen dazu, unser Angebot nutzerfreundlicher, effektiver und sicherer zu machen. Cookies sind kleine Textdateien, die auf Ihrem Rechner abgelegt werden und die Ihr Browser speichert.<\/p>\n<p>Die meisten der von uns verwendeten Cookies sind so genannte \u201cSession-Cookies\u201d. Sie werden nach Ende Ihres Besuchs automatisch gel\u00f6scht. Andere Cookies bleiben auf Ihrem Endger\u00e4t gespeichert bis Sie diese l\u00f6schen. Diese Cookies erm\u00f6glichen es uns, Ihren Browser beim n\u00e4chsten Besuch wiederzuerkennen.<\/p>\n<p>Sie k\u00f6nnen Ihren Browser so einstellen, dass Sie \u00fcber das Setzen von Cookies informiert werden und Cookies nur im Einzelfall erlauben, die Annahme von Cookies f\u00fcr bestimmte F\u00e4lle oder generell ausschlie\u00dfen sowie das automatische L\u00f6schen der Cookies beim Schlie\u00dfen des Browser aktivieren. Bei der Deaktivierung von Cookies kann die Funktionalit\u00e4t dieser Website eingeschr\u00e4nkt sein.<\/p>\n<p>Cookies, die zur Durchf\u00fchrung des elektronischen Kommunikationsvorgangs oder zur Bereitstellung bestimmter, von Ihnen erw\u00fcnschter Funktionen (z.B. Warenkorbfunktion) erforderlich sind, werden auf Grundlage von Art. 6 Abs. 1 lit. f DSGVO gespeichert. Der Websitebetreiber hat ein berechtigtes Interesse an der Speicherung von Cookies zur technisch fehlerfreien und optimierten Bereitstellung seiner Dienste. Soweit andere Cookies (z.B. Cookies zur Analyse Ihres Surfverhaltens) gespeichert werden, werden diese in dieser Datenschutzerkl\u00e4rung gesondert behandelt.<\/p>\n<div><\/div>\n<\/div>\n<h2 id=\"headline-276-127\" class=\"ct-headline saas-heading-two\">Server-Log-Dateien<\/h2>\n<div id=\"_rich_text-289-127\" class=\"oxy-rich-text\">\n<p>Der Provider der Seiten erhebt und speichert automatisch Informationen in so genannten Server-Log-Dateien, die Ihr Browser automatisch an uns \u00fcbermittelt. Dies sind:<\/p>\n<ul>\n<li>Browsertyp und Browserversion<\/li>\n<li>verwendetes Betriebssystem<\/li>\n<li>Referrer URL<\/li>\n<li>Hostname des zugreifenden Rechners<\/li>\n<li>Uhrzeit der Serveranfrage<\/li>\n<li>IP-Adresse<\/li>\n<\/ul>\n<p>Eine Zusammenf\u00fchrung dieser Daten mit anderen Datenquellen wird nicht vorgenommen.<\/p>\n<p>Grundlage f\u00fcr die Datenverarbeitung ist Art. 6 Abs. 1 lit. f DSGVO, der die Verarbeitung von Daten zur Erf\u00fcllung eines Vertrags oder vorvertraglicher Ma\u00dfnahmen gestattet.<\/p>\n<\/div>\n<h2 id=\"headline-290-127\" class=\"ct-headline \">Kontaktformular<\/h2>\n<div id=\"text_block-293-127\" class=\"ct-text-block\">\n<div><\/div>\n<p><b><\/b>Wenn Sie uns per Kontaktformular Anfragen zukommen lassen, werden Ihre Angaben aus dem Anfrageformular inklusive der von Ihnen dort angegebenen Kontaktdaten zwecks Bearbeitung der Anfrage und f\u00fcr den Fall von Anschlussfragen bei uns gespeichert. Diese Daten geben wir nicht ohne Ihre Einwilligung weiter.<\/p>\n<p>Die Verarbeitung der in das Kontaktformular eingegebenen Daten erfolgt somit ausschlie\u00dflich auf Grundlage Ihrer Einwilligung (Art. 6 Abs. 1 lit. a DSGVO). Sie k\u00f6nnen diese Einwilligung jederzeit widerrufen. Dazu reicht eine formlose Mitteilung per E-Mail an uns. Die Rechtm\u00e4\u00dfigkeit der bis zum Widerruf erfolgten Datenverarbeitungsvorg\u00e4nge bleibt vom Widerruf unber\u00fchrt.<\/p>\n<p>Die von Ihnen im Kontaktformular eingegebenen Daten verbleiben bei uns, bis Sie uns zur L\u00f6schung auffordern, Ihre Einwilligung zur Speicherung widerrufen oder der Zweck f\u00fcr die Datenspeicherung entf\u00e4llt (z.B. nach abgeschlossener Bearbeitung Ihrer Anfrage). Zwingende gesetzliche Bestimmungen \u2013 insbesondere Aufbewahrungsfristen \u2013 bleiben unber\u00fchrt.<\/p>\n<div><\/div>\n<\/div>\n<h2 id=\"headline-313-127\" class=\"ct-headline \">Klick Tipp<\/h2>\n<div id=\"code_block-319-127\" class=\"ct-code-block\">\n<p>Wie setzen wir Klick-Tipp ein?<\/p>\n<p>(1) In der onlinegest\u00fctzten Kommunikation mit Ihnen setzen wir die Leistungen der KLICK-TIPP LIMITED, 15 Cambridge Court, 210 Shepherd\u2019s Bush Road, London W6 7NJ, Vereinigtes K\u00f6nigreich ein. Vertreter der KLICK-TIPP LIMITED i.S.v. Artikel 27 DSGVO ist die Waterton Knowledge Center WKC UG, Friedrichstr. 53a, 15537 Erkner, vertreten durch Ulf Castelle,\u00a0<a href=\"mailto:DSGVO-Vertreter@klicktipp.com\">DSGVO-Vertreter@klicktipp.com<\/a>. Wir beziehen diese Leistungen \u00fcber ein Hauptvertragsverh\u00e4ltnis mit der Digistore24 GmbH, St.-Godehard-Stra\u00dfe 32, 31139 Hildesheim. Digistore24 ist ein Wiederverk\u00e4ufer (englisch Reseller), der Produkte oder Dienstleistungen, wie Klick-Tipp beschafft und diese ohne wesentliche Weiterverarbeitung an K\u00e4ufer ver\u00e4u\u00dfert. Mit Klick-Tipp selbst haben wir zus\u00e4tzlich eine Auftragsverarbeitung i.S.v. Artikel 28 DSGVO geschlossen. So ist sichergestellt, dass wir die volle Kontrolle \u00fcber die dort verarbeiteten personenbezogenen Daten haben und dass Klick-Tipp spiegelbildlich unsere Weisungen umsetzt.<\/p>\n<p>(2) Wir speichern bei Klick-Tipp Ihre Kontaktdaten und verarbeiten ggf. die Daten, die wir \u00fcber die in dieser Datenschutzerkl\u00e4rung n\u00e4her bezeichneten Online-Marketing-Tools verarbeiten. Denn diese Anbieter sind \u00fcber eine sichere Schnittstelle bei Klick-Tipp vollintegriert. Daher ist es m\u00f6glich, dass Klick-Tipp diese Daten zur Kenntnis nimmt, wobei \u2013 wie bereits oben erw\u00e4hnt \u2013 Klick-Tipp kein eigenes Verwendungsrecht bzgl. dieser Daten hat und unseren Weisungen vollends unterliegt.<\/p>\n<p>(3) \u00dcberdies haben wir bei Klick-Tipp die M\u00f6glichkeit, Ihre personenbezogenen Daten mit sog. Tags zu verkn\u00fcpfen. Klick-Tipp unterscheidet zwei Arten von Tags:<br \/>\nSmartTags: Wenn sich ein Kontakt \u00fcber ein Anmeldeformular anmeldet, erh\u00e4lt er automatisch einen Tag mit dem Namen des betreffenden Anmeldeformulars. Au\u00dferdem setzt Klick-Tipp automatisch die Tags \u201eE-Mail erhalten\u201c, \u201eE-Mail ge\u00f6ffnet\u201c, \u201eE-Mail geklickt\u201c und \u201eE-Mail im Browser angesehen\u201c.<br \/>\nManuelle Tags: Zus\u00e4tzlich zu SmartTags k\u00f6nnen manuelle Tags erstellt werden. So k\u00f6nnen Sie Kontakte beispielsweise mit dem Tag \u201eKunde\u201c oder \u2013 noch spezifischer \u2013 mit dem Tag \u201eProdukt B gekauft\u201c versehen.<\/p>\n<p>(4) Die Einzelheiten \u00fcber diese und weitere M\u00f6glichkeiten, die wir bei Klick-Tipp nutzen, finden Sie im\u00a0<a href=\"https:\/\/www.klicktipp.com\/handbuch\" target=\"_blank\" rel=\"noopener\">KlickTipp Handbuch.<\/a><\/p>\n<p>(5) Die Datenschutzerkl\u00e4rung von Klick-Tipp finden Sie\u00a0<a href=\"https:\/\/www.klicktipp.com\/datenschutzerklarung\/\" target=\"_blank\" rel=\"noopener\">hier<\/a>.<\/p>\n<p>(6) Die Anti-Spam-Policy von Klick-Tipp finden Sie\u00a0<a href=\"https:\/\/www.klicktipp.com\/anti-spam-policy\/\" target=\"_blank\" rel=\"noopener\">hier.<\/a><\/p>\n<\/div>\n<h1 id=\"headline-300-127\" class=\"ct-headline saas-heading-two\">5. Plugins und Tools<\/h1>\n<h2 id=\"headline-298-127\" class=\"ct-headline saas-heading-two\">YouTube<\/h2>\n<div id=\"text_block-306-127\" class=\"ct-text-block\">\n<div><\/div>\n<p><b><\/b>Unsere Website nutzt Plugins der von Google betriebenen Seite YouTube. Betreiber der Seiten ist die YouTube, LLC, 901 Cherry Ave., San Bruno, CA 94066, USA.<\/p>\n<p>Wenn Sie eine unserer mit einem YouTube-Plugin ausgestatteten Seiten besuchen, wird eine Verbindung zu den Servern von YouTube hergestellt. Dabei wird dem YouTube-Server mitgeteilt, welche unserer Seiten Sie besucht haben.<\/p>\n<p>Wenn Sie in Ihrem YouTube-Account eingeloggt sind, erm\u00f6glichen Sie YouTube, Ihr Surfverhalten direkt Ihrem pers\u00f6nlichen Profil zuzuordnen. Dies k\u00f6nnen Sie verhindern, indem Sie sich aus Ihrem YouTube-Account ausloggen.<\/p>\n<p>Die Nutzung von YouTube erfolgt im Interesse einer ansprechenden Darstellung unserer Online-Angebote. Dies stellt ein berechtigtes Interesse im Sinne von Art. 6 Abs. 1 lit. f DSGVO dar.<\/p>\n<p>Weitere Informationen zum Umgang mit Nutzerdaten finden Sie in der Datenschutzerkl\u00e4rung von YouTube unter: https:\/\/www.google.de\/intl\/de\/policies\/privacy.<\/p>\n<div><\/div>\n<\/div>\n<h2 id=\"headline-309-127\" class=\"ct-headline \">Google Maps<\/h2>\n<div id=\"text_block-312-127\" class=\"ct-text-block\">\n<div><\/div>\n<p><b><\/b>Diese Seite nutzt \u00fcber eine API den Kartendienst Google Maps. Anbieter ist die Google Inc., 1600 Amphitheatre Parkway, Mountain View, CA 94043, USA.<\/p>\n<p>Zur Nutzung der Funktionen von Google Maps ist es notwendig, Ihre IP Adresse zu speichern. Diese Informationen werden in der Regel an einen Server von Google in den USA \u00fcbertragen und dort gespeichert. Der Anbieter dieser Seite hat keinen Einfluss auf diese Daten\u00fcbertragung.<\/p>\n<p>Die Nutzung von Google Maps erfolgt im Interesse einer ansprechenden Darstellung unserer Online-Angebote und an einer leichten Auffindbarkeit der von uns auf der Website angegebenen Orte. Dies stellt ein berechtigtes Interesse im Sinne von Art. 6 Abs. 1 lit. f DSGVO dar.<\/p>\n<p>Mehr Informationen zum Umgang mit Nutzerdaten finden Sie in der Datenschutzerkl\u00e4rung von Google: https:\/\/www.google.de\/intl\/de\/policies\/privacy\/.<\/p>\n<p>Kontaktdaten<\/p>\n<p>M\u00fcller &amp; Borggr\u00e4fe GmbH<br \/>\nHagener Stra\u00dfe 20<br \/>\nD-58285 Gevelsberg<br \/>\nTel. +49 (0) 23 32 &#8211; 78 8 &#8211; 0<br \/>\nFax +49 (0) 23 32 &#8211; 80 33 6<br \/>\neMail: info@muebo.de<\/p>\n<\/div>\n","protected":false},"excerpt":{"rendered":"<p>1. Datenschutz auf einen Blick Allgemeine Hinweise Die folgenden Hinweise geben einen einfachen \u00dcberblick dar\u00fcber, was mit Ihren personenbezogenen Daten passiert, wenn Sie unsere Website besuchen. Personenbezogene Daten sind alle Daten, mit denen Sie pers\u00f6nlich identifiziert werden k\u00f6nnen. Ausf\u00fchrliche Informationen zum Thema Datenschutz entnehmen Sie unserer unter diesem Text aufgef\u00fchrten Datenschutzerkl\u00e4rung. Datenerfassung auf unserer Website [&hellip;]<\/p>\n","protected":false},"author":1,"featured_media":0,"parent":0,"menu_order":0,"comment_status":"closed","ping_status":"closed","template":"","meta":{"footnotes":""},"class_list":["post-62","page","type-page","status-publish","hentry"],"yoast_head":"<!-- This site is optimized with the Yoast SEO plugin v26.8 - https:\/\/yoast.com\/product\/yoast-seo-wordpress\/ -->\n<title>Datenschutzerkl\u00e4rung - Buchstaeblich |<\/title>\n<meta name=\"robots\" content=\"noindex, follow, max-snippet:-1, max-image-preview:large, max-video-preview:-1\" \/>\n<meta property=\"og:locale\" content=\"de_DE\" \/>\n<meta property=\"og:type\" content=\"article\" \/>\n<meta property=\"og:title\" content=\"Datenschutzerkl\u00e4rung - Buchstaeblich |\" \/>\n<meta property=\"og:description\" content=\"1. Datenschutz auf einen Blick Allgemeine Hinweise Die folgenden Hinweise geben einen einfachen \u00dcberblick dar\u00fcber, was mit Ihren personenbezogenen Daten passiert, wenn Sie unsere Website besuchen. Personenbezogene Daten sind alle Daten, mit denen Sie pers\u00f6nlich identifiziert werden k\u00f6nnen. Ausf\u00fchrliche Informationen zum Thema Datenschutz entnehmen Sie unserer unter diesem Text aufgef\u00fchrten Datenschutzerkl\u00e4rung. Datenerfassung auf unserer Website [&hellip;]\" \/>\n<meta property=\"og:url\" content=\"https:\/\/weph.site\/buchstaeblich\/datenschutzerklaerung\/\" \/>\n<meta property=\"og:site_name\" content=\"Buchstaeblich |\" \/>\n<meta property=\"article:modified_time\" content=\"2025-02-06T14:06:49+00:00\" \/>\n<meta name=\"twitter:card\" content=\"summary_large_image\" \/>\n<meta name=\"twitter:label1\" content=\"Gesch\u00e4tzte Lesezeit\" \/>\n\t<meta name=\"twitter:data1\" content=\"11\u00a0Minuten\" \/>\n<script type=\"application\/ld+json\" class=\"yoast-schema-graph\">{\"@context\":\"https:\/\/schema.org\",\"@graph\":[{\"@type\":\"WebPage\",\"@id\":\"https:\/\/weph.site\/buchstaeblich\/datenschutzerklaerung\/\",\"url\":\"https:\/\/weph.site\/buchstaeblich\/datenschutzerklaerung\/\",\"name\":\"Datenschutzerkl\u00e4rung - Buchstaeblich |\",\"isPartOf\":{\"@id\":\"https:\/\/weph.site\/buchstaeblich\/#website\"},\"datePublished\":\"2021-02-22T09:25:17+00:00\",\"dateModified\":\"2025-02-06T14:06:49+00:00\",\"breadcrumb\":{\"@id\":\"https:\/\/weph.site\/buchstaeblich\/datenschutzerklaerung\/#breadcrumb\"},\"inLanguage\":\"de\",\"potentialAction\":[{\"@type\":\"ReadAction\",\"target\":[\"https:\/\/weph.site\/buchstaeblich\/datenschutzerklaerung\/\"]}]},{\"@type\":\"BreadcrumbList\",\"@id\":\"https:\/\/weph.site\/buchstaeblich\/datenschutzerklaerung\/#breadcrumb\",\"itemListElement\":[{\"@type\":\"ListItem\",\"position\":1,\"name\":\"Startseite\",\"item\":\"https:\/\/weph.site\/buchstaeblich\/\"},{\"@type\":\"ListItem\",\"position\":2,\"name\":\"Datenschutzerkl\u00e4rung\"}]},{\"@type\":\"WebSite\",\"@id\":\"https:\/\/weph.site\/buchstaeblich\/#website\",\"url\":\"https:\/\/weph.site\/buchstaeblich\/\",\"name\":\"Buchstaeblich |\",\"description\":\"Kompliment, Motivation oder Trost? Jetzt Schriftzug w\u00e4hlen\",\"potentialAction\":[{\"@type\":\"SearchAction\",\"target\":{\"@type\":\"EntryPoint\",\"urlTemplate\":\"https:\/\/weph.site\/buchstaeblich\/?s={search_term_string}\"},\"query-input\":{\"@type\":\"PropertyValueSpecification\",\"valueRequired\":true,\"valueName\":\"search_term_string\"}}],\"inLanguage\":\"de\"}]}<\/script>\n<!-- \/ Yoast SEO plugin. -->","yoast_head_json":{"title":"Datenschutzerkl\u00e4rung - Buchstaeblich |","robots":{"index":"noindex","follow":"follow","max-snippet":"max-snippet:-1","max-image-preview":"max-image-preview:large","max-video-preview":"max-video-preview:-1"},"og_locale":"de_DE","og_type":"article","og_title":"Datenschutzerkl\u00e4rung - Buchstaeblich |","og_description":"1. Datenschutz auf einen Blick Allgemeine Hinweise Die folgenden Hinweise geben einen einfachen \u00dcberblick dar\u00fcber, was mit Ihren personenbezogenen Daten passiert, wenn Sie unsere Website besuchen. Personenbezogene Daten sind alle Daten, mit denen Sie pers\u00f6nlich identifiziert werden k\u00f6nnen. Ausf\u00fchrliche Informationen zum Thema Datenschutz entnehmen Sie unserer unter diesem Text aufgef\u00fchrten Datenschutzerkl\u00e4rung. Datenerfassung auf unserer Website [&hellip;]","og_url":"https:\/\/weph.site\/buchstaeblich\/datenschutzerklaerung\/","og_site_name":"Buchstaeblich |","article_modified_time":"2025-02-06T14:06:49+00:00","twitter_card":"summary_large_image","twitter_misc":{"Gesch\u00e4tzte Lesezeit":"11\u00a0Minuten"},"schema":{"@context":"https:\/\/schema.org","@graph":[{"@type":"WebPage","@id":"https:\/\/weph.site\/buchstaeblich\/datenschutzerklaerung\/","url":"https:\/\/weph.site\/buchstaeblich\/datenschutzerklaerung\/","name":"Datenschutzerkl\u00e4rung - Buchstaeblich |","isPartOf":{"@id":"https:\/\/weph.site\/buchstaeblich\/#website"},"datePublished":"2021-02-22T09:25:17+00:00","dateModified":"2025-02-06T14:06:49+00:00","breadcrumb":{"@id":"https:\/\/weph.site\/buchstaeblich\/datenschutzerklaerung\/#breadcrumb"},"inLanguage":"de","potentialAction":[{"@type":"ReadAction","target":["https:\/\/weph.site\/buchstaeblich\/datenschutzerklaerung\/"]}]},{"@type":"BreadcrumbList","@id":"https:\/\/weph.site\/buchstaeblich\/datenschutzerklaerung\/#breadcrumb","itemListElement":[{"@type":"ListItem","position":1,"name":"Startseite","item":"https:\/\/weph.site\/buchstaeblich\/"},{"@type":"ListItem","position":2,"name":"Datenschutzerkl\u00e4rung"}]},{"@type":"WebSite","@id":"https:\/\/weph.site\/buchstaeblich\/#website","url":"https:\/\/weph.site\/buchstaeblich\/","name":"Buchstaeblich |","description":"Kompliment, Motivation oder Trost? Jetzt Schriftzug w\u00e4hlen","potentialAction":[{"@type":"SearchAction","target":{"@type":"EntryPoint","urlTemplate":"https:\/\/weph.site\/buchstaeblich\/?s={search_term_string}"},"query-input":{"@type":"PropertyValueSpecification","valueRequired":true,"valueName":"search_term_string"}}],"inLanguage":"de"}]}},"_links":{"self":[{"href":"https:\/\/weph.site\/buchstaeblich\/wp-json\/wp\/v2\/pages\/62","targetHints":{"allow":["GET"]}}],"collection":[{"href":"https:\/\/weph.site\/buchstaeblich\/wp-json\/wp\/v2\/pages"}],"about":[{"href":"https:\/\/weph.site\/buchstaeblich\/wp-json\/wp\/v2\/types\/page"}],"author":[{"embeddable":true,"href":"https:\/\/weph.site\/buchstaeblich\/wp-json\/wp\/v2\/users\/1"}],"replies":[{"embeddable":true,"href":"https:\/\/weph.site\/buchstaeblich\/wp-json\/wp\/v2\/comments?post=62"}],"version-history":[{"count":2,"href":"https:\/\/weph.site\/buchstaeblich\/wp-json\/wp\/v2\/pages\/62\/revisions"}],"predecessor-version":[{"id":2437,"href":"https:\/\/weph.site\/buchstaeblich\/wp-json\/wp\/v2\/pages\/62\/revisions\/2437"}],"wp:attachment":[{"href":"https:\/\/weph.site\/buchstaeblich\/wp-json\/wp\/v2\/media?parent=62"}],"curies":[{"name":"wp","href":"https:\/\/api.w.org\/{rel}","templated":true}]}}